What is the greatest common divisor of 790 and 38530290?
10
What is the highest common divisor of 8570241 and 1746?
873
What is the greatest common factor of 12093 and 927159?
87
What is the greatest common factor of 2437 and 480171858?
2437
What is the highest common divisor of 3410679 and 1695?
339
What is the highest common divisor of 314964312 and 936?
312
What is the greatest common factor of 3080 and 2471645?
55
What is the highest common factor of 3764 and 4800?
4
Calculate the greatest common divisor of 498934073 and 77.
11
What is the highest common factor of 154260 and 4158164?
3428
Calculate the highest common factor of 455 and 250845.
35
Calculate the highest common divisor of 148 and 5769299.
37
Calculate the highest common divisor of 830950 and 6400.
50
What is the highest common divisor of 179598 and 337353?
2427
What is the highest common divisor of 2515 and 33455?
5
Calculate the greatest common factor of 181459341 and 1246.
623
Calculate the greatest common divisor of 267 and 9977701.
89
Calculate the highest common divisor of 45529573 and 37.
37
Calculate the highest common factor of 2018 and 73618.
2
Calculate the greatest common divisor of 406 and 1558158777.
203
What is the greatest common factor of 5481 and 2054826?
9
What is the greatest common divisor of 60 and 18893820?
60
What is the highest common factor of 35994 and 1554?
42
What is the greatest common factor of 41 and 88913?
1
Calculate the greatest common factor of 164526 and 2040.
102
Calculate the highest common factor of 1325881 and 21896.
391
What is the highest common divisor of 10109770 and 1485?
55
Calculate the highest common divisor of 352664067 and 2226.
1113
What is the greatest common divisor of 992 and 895596448?
992
What is the greatest common divisor of 700 and 14632450?
350
Calculate the highest common divisor of 68841100 and 25.
25
What is the greatest common factor of 126067734 and 234?
234
Calculate the highest common divisor of 29062 and 32846.
22
Calculate the greatest common divisor of 1257920 and 4096.
64
Calculate the highest common divisor of 1572 and 14705012.
524
Calculate the greatest common divisor of 15625795 and 15.
5
What is the greatest common factor of 54945 and 1163745?
495
Calculate the greatest common factor of 736 and 2654672.
16
What is the highest common factor of 940 and 376990?
10
Calculate the highest common factor of 34450 and 9712144.
1378
Calculate the highest common factor of 492348 and 457460.
356
Calculate the highest common factor of 132864 and 155840.
64
Calculate the highest common factor of 43470 and 369810.
630
Calculate the highest common divisor of 1586697 and 756.
21
What is the highest common divisor of 8019 and 2837268?
729
What is the greatest common divisor of 18788 and 241318?
154
Calculate the greatest common divisor of 332955 and 18875.
755
What is the highest common factor of 934694 and 5916?
34
What is the highest common factor of 458456 and 51?
17
Calculate the greatest common divisor of 1700865 and 7047270.
5805
What is the greatest common factor of 2706 and 1887006?
66
Calculate the greatest common factor of 35739 and 745218.
171
What is the highest common divisor of 2393997 and 1807?
139
What is the greatest common divisor of 3066270 and 72495?
2685
Calculate the greatest common divisor of 846373342 and 447.
149
What is the greatest common divisor of 42616847 and 221?
13
What is the greatest common factor of 22064192 and 384?
64
Calculate the highest common factor of 607767200 and 1600.
800
Calculate the greatest common divisor of 202148 and 911800.
388
What is the greatest common divisor of 327446488 and 29728?
7432
What is the greatest common factor of 21829 and 121429?
83
What is the highest common factor of 130572 and 847912?
1612
What is the highest common factor of 93367240 and 2204?
116
What is the greatest common factor of 166137426 and 108?
54
What is the highest common divisor of 57294 and 160434?
54
Calculate the greatest common factor of 231 and 7495341.
21
Calculate the highest common divisor of 71550 and 3150.
450
What is the greatest common divisor of 87292535 and 4675?
935
Calculate the highest common divisor of 35385215 and 1090.
545
What is the highest common divisor of 10 and 3440625390?
10
What is the greatest common divisor of 56800 and 210489440?
11360
Calculate the highest common divisor of 8132 and 1755442.
214
Calculate the greatest common divisor of 1458272318 and 5466.
1822
What is the greatest common divisor of 47446707 and 462?
231
Calculate the greatest common divisor of 5 and 8386805.
5
Calculate the highest common factor of 1458 and 31446.
18
Calculate the highest common factor of 2594729 and 376.
47
What is the greatest common factor of 1898479 and 649?
11
What is the greatest common divisor of 23330 and 188814356?
4666
What is the highest common divisor of 1356379 and 26197?
391
Calculate the highest common divisor of 360 and 146796.
12
What is the highest common divisor of 4153419 and 13509?
171
Calculate the highest common factor of 21144075 and 50.
25
Calculate the greatest common factor of 4483 and 466034748.
4483
What is the highest common divisor of 77007849 and 1948?
487
What is the highest common divisor of 798080 and 16000?
640
Calculate the greatest common divisor of 16081069 and 77309.
797
What is the highest common divisor of 23720 and 85155?
5
What is the highest common factor of 182 and 863278?
26
What is the greatest common divisor of 272 and 7202560?
272
What is the highest common divisor of 352658520 and 72?
72
What is the greatest common divisor of 420 and 348108?
12
Calculate the highest common divisor of 2431584 and 864.
288
What is the greatest common factor of 657 and 5850074?
73
Calculate the highest common divisor of 14707 and 770011.
11
What is the greatest common divisor of 147 and 405161596?
49
What is the greatest common divisor of 229824 and 130340?
532
Calculate the highest common factor of 2691506 and 184.
46
Calculate the highest common divisor of 396 and 1147091.
11
What is the highest common factor of 6694932 and 32852?
764
Calculate the highest common factor of 184736 and 69552.
368
Calculate the greatest common divisor of 126722362 and 13.
13
Calculate the greatest common factor of 290491029 and 63.
9
What is the highest common divisor of 23 and 26302501?
23
What is the greatest common divisor of 1 and 43315816?
1
Calculate the greatest common divisor of 4893960 and 765.
255
Calculate the greatest common divisor of 620000 and 20.
20
What is the highest common factor of 2366158 and 6?
2
Calculate the greatest common factor of 1254 and 2135448.
114
What is the greatest common divisor of 552 and 9738600?
24
Calculate the greatest common factor of 37250 and 133779650.
7450
Calculate the highest common factor of 530099 and 37.
37
What is the highest common factor of 12025 and 6396227?
37
What is the greatest common divisor of 105 and 33732?
3
What is the greatest common divisor of 814688 and 70?
14
What is the highest common factor of 15831 and 373545?
9
Calculate the greatest common factor of 6375 and 3925.
25
What is the greatest common divisor of 3115814 and 442?
26
What is the highest common divisor of 6275 and 57430055?
1255
Calculate the greatest common divisor of 12843 and 16437613.
1427
Calculate the highest common factor of 6713603 and 208.
13
What is the greatest common factor of 1163767 and 6721?
517
What is the greatest common factor of 3 and 656436693?
3
Calculate the greatest common factor of 251342885 and 2235.
745
What is the greatest common divisor of 403631 and 1445?
17
What is the greatest common factor of 22844 and 122598037?
5711
Calculate the greatest common factor of 3546673 and 415.
83
Calculate the greatest common factor of 2528 and 157984.
32
Calculate the greatest common divisor of 26105714 and 1758.
586
Calculate the greatest common factor of 404069809 and 3926.
1963
Calculate the greatest common factor of 1268733 and 3.
3
What is the highest common divisor of 826 and 54848878?
826
Calculate the greatest common factor of 5104 and 1701808.
16
What is the highest common divisor of 36860016 and 3392?
848
Calculate the highest common divisor of 2704135 and 455.
35
What is the highest common divisor of 